rime factors of s.
2, 3, 11
Suppose 53 + 205 = -3*a. Let x be (1 - 60)*(1 + 0). Let i = x - a. List the prime factors of i.
3
Let v = 70 - -438. What are the prime factors of v?
2, 127
Suppose 0 = -4*v + 3*v + 74. Suppose -o - 41 = -3*o + 3*u, 5*o - v = -2*u. List the prime factors of o.
2
Let i(r) = 16*r - 31. List the prime factors of i(4).
3, 11
Let q be 1*3 - (8 - 5). Suppose 3*f - 24 + 6 = q. What are the prime factors of ((-4)/6)/(f/(-252))?
2, 7
Suppose 0 = 3*d - 18 - 27. Let l be ((-25)/d)/((-1)/3). Suppose l*i = 2*g + 89, g = 5*i + 6*g - 75. List the prime factors of i.
17
Suppose -2*v = -a + 719, -v + 1438 = 33*a - 31*a. What are the prime factors of a?
719
Let t(z) = z**2 + 6*z - 7. Suppose 6*r - 5*k - 34 = 3*r, 4*r + 2*k - 54 = 0. Let f = -22 + r. List the prime factors of t(f).
2, 5
Let n = -51 - -67. Let u(i) = i**2 - 15*i - 4. List the prime factors of u(n).
2, 3
Let p(d) = -97*d**2 - 3*d + 4*d + 4 + 101*d**2. List the prime factors of p(-3).
37
What are the prime factors of 1084 + -4*(-1)/4?
5, 7, 31
Let q(j) = -192*j - 4. Let x be q(-3). Suppose -76 = 8*b - x. List the prime factors of b.
2, 31
Suppose j = -0 - 13. Let v = 18 + j. Let i(k) = k**2 - 2*k - 3. What are the prime factors of i(v)?
2, 3
Suppose 0 = -h + 5*b + 6, 0*h = -h - b. Suppose -h = -2*a - 9. List the prime factors of 2/a - 86/(-4).
3, 7
Let v = 1348 + 315. What are the prime factors of v?
1663
Let w(o) = 4*o**2 + 4*o - 71. List the prime factors of w(7).
3, 17
Suppose -10*g = -2*g - 3344. List the prime factors of g.
2, 11, 19
Let o = -517 - -1019. What are the prime factors of o?
2, 251
Suppose 6297 - 1784 = 4*m + c, 1124 = m - 4*c. List the prime factors of m.
2, 3, 47
Suppose 4*x = 2*t - 978, 4*x - x - 2000 = -4*t. List the prime factors of t.
7, 71
Suppose i + 5*j + 2140 = 2*i, 4*j + 4262 = 2*i. What are the prime factors of i?
5, 17
Let w(k) = 62*k**2 + 4*k - 15. What are the prime factors of w(-5)?
3, 5, 101
Let i be 4 + -4 + 3*1. Let z(f) = -f**3 - f + 6*f**2 + 4 + 0*f - f. List the prime factors of z(i).
5
Suppose 5*z - 186 - 154 = 0. Suppose -z = -m + 2*t - 0*t, 203 = 3*m - 5*t. Suppose -5*r = -7*r + m. List the prime factors of r.
3, 11
Suppose 0 = 5*x - 23 + 3. Suppose 2*c + x*u - 142 = 0, 2*u = 4*c + u - 266. What are the prime factors of c?
67
Suppose -381 = 5*m + 184. Let r = 201 + m. Suppose 7*t = 5*t + r. What are the prime factors of t?
2, 11
Suppose 0 = -5*g + 4*d + 10934, -2*g - g - d = -6557. List the prime factors of g.
2, 1093
Let a = 36 + -25. Suppose 1001 = a*m - 4*m. What are the prime factors of m?
11, 13
Suppose -38 = 5*h - 8. Let m be 8 + (h/2)/1. Suppose y + 5*n - 26 = 0, -m*y + 30 = -2*y + 3*n. What are the prime factors of y?
2, 3
Let h(b) = -325*b**3 + 4*b**2 + 9*b - 4. What are the prime factors of h(-2)?
2, 1297
Let o(v) = -121*v**3 + 3*v**2 - 1. Let y(x) = -241*x**3 + 7*x**2 - 3. Let r(b) = -5*o(b) + 2*y(b). What are the prime factors of r(1)?
11
Suppose 14*g - 16*g = -5*i + 2009, -4*i + 1600 = 2*g. List the prime factors of i.
401
Let f be ((-16)/1)/(0 + 3/(-9)). Suppose -50*a = -f*a - 20. List the prime factors of a.
2, 5
Suppose 3361 = 15*n - 2954. List the prime factors of n.
421
Let k be (0 + -2)/(-2 - -1). Suppose 0 = j + k*u - 12, -4*j + 4*u + 36 = -24. What are the prime factors of j?
2, 7
Let f = -4 + -6. Let c(m) = m**2 + 7*m - 7. List the prime factors of c(f).
23
Suppose -5*b - 4*v = -6169, 0 = 4*b - v - 1815 - 3137. What are the prime factors of b?
1237
Suppose -2325 = -l + 2*s, -2*l + 29*s + 4655 = 26*s. List the prime factors of l.
5, 467
Suppose 5*x = 450 + 1050. Suppose 3*w - x = 36. What are the prime factors of w?
2, 7
Let k = -160 + 234. List the prime factors of k.
2, 37
Suppose 3*o = j + 711, 14*o - 15*o + 237 = 5*j. What are the prime factors of o?
3, 79
Let r(n) = -3*n**2 + n - 2. Let m be r(1). What are the prime factors of (3 - m - 1) + 1?
7
Suppose 5*k + 11 = f - 9, 3*k + 29 = 4*f. Suppose -f*d = -126 - 159. List the prime factors of d.
3, 19
Suppose 2*f - 3*o + 30 = -2*f, -4*o + 2 = f. Let i be 14/f + (-6)/(-18). What are the prime factors of (-2 - -11) + (1 - i)?
2, 3
Let w(a) be the third derivative of a**5/30 + a**4/6 + 7*a**3/3 + 9*a**2. What are the prime factors of w(-7)?
2, 3, 7
Suppose -5*p + 1 = 2*i - 4, -3*i = -p + 35. List the prime factors of -1 - -28 - (i/(-5) + 0).
5
Let y = -26 + 23. What are the prime factors of (4 + y)/((-3)/(-267*1))?
89
Let c = 19 - 19. Suppose c*o - 5*o - 3*a = -341, 4*o = -2*a + 272. List the prime factors of o.
67
Let x = 33 + -3. Let r be (x - -2) + (-3 - 0). Suppose 7*t - r = 6*t. List the prime factors of t.
29
Suppose 2*o = -3*d - 11 - 44, -2*d - 30 = o. Let v = -11 - o. Let w = v - -24. List the prime factors of w.
3, 11
Let q = -955 - -1739. List the prime factors of q.
2, 7
Suppose y - 2*i + 285 = 1005, -3*y + 4*i + 2156 = 0. List the prime factors of y.
2, 179
Suppose -4*m + 3*m = -4. Let z be -225*m*4/40. Let k = z - -127. List the prime factors of k.
37
Let g = 16 - 11. Suppose -4*x = -3*r + 2*r - 3, 0 = -g*r - 2*x + 29. What are the prime factors of r?
5
Suppose 0 = 10*s - 9 - 4761. What are the prime factors of s?
3, 53
Suppose 12*q + 2203 = 9055. What are the prime factors of q?
571
Let v = 6 + 1. Suppose 0 = -3*t + v + 2. Suppose 38 = t*o - o. What are the prime factors of o?
19
Suppose 3*h = 2*x - 529, -5*x - 2*h + 1297 = -h. List the prime factors of x.
2, 5, 13
Let u(h) = h**3 + 6*h**2 - h + 7. Let g(j) = -3*j**3 - 19*j**2 + 4*j - 20. Let w(s) = -3*g(s) - 8*u(s). List the prime factors of w(-8).
2, 5
Let v(i) be the second derivative of i**4/6 - 2*i**3/3 + i**2/2 + 4*i. Let p be v(6). Let j = -27 + p. List the prime factors of j.
2, 11
Suppose 3*l + 294918 = 81*l. What are the prime factors of l?
19, 199
Suppose -5*c = 3*b - 4088, -4*b + b = -3. What are the prime factors of c?
19, 43
Suppose 3*o + 9 = 0, -2*o - 10 = -4*n + 2*n. Let i(l) = 0*l - 8*l + 0*l**n + 4*l**2 - l**2. List the prime factors of i(5).
5, 7
Let g be (4 + 5)/(1/31 - 0). Suppose 4*s - 5*k - g = s, 279 = 3*s + 4*k. List the prime factors of s.
3, 31
Suppose -g = 5, -b + 5*g + 173 = -0*b. Let r = 258 - b. What are the prime factors of r?
2, 5, 11
List the prime factors of ((-946)/55)/((-7)/560).
2, 43
Suppose 19 = 9*y + 46. Let a = 54 - y. What are the prime factors of a?
3, 19
Let o(t) be the second derivative of -5*t**3/6 + 5*t**2 - 4*t. What are the prime factors of o(-9)?
5, 11
Suppose -3*z - 31 = 4*f - 102, -2*z - 60 = -5*f. What are the prime factors of 16368/56 + (-4)/f?
2, 73
What are the prime factors of 1*2*19576/16?
2447
Let q = 1508 + 265. List the prime factors of q.
3, 197
Let x(w) = 1588*w**2 - 7*w + 6. List the prime factors of x(1).
3, 23
Suppose 459 = 4*b - b. Suppose 6*w - 5*w + 105 = 0. Let c = w + b. What are the prime factors of c?
2, 3
Suppose -t + 675 = -4*p, 1415 = 2*t - 0*t + 5*p. What are the prime factors of t?
5, 139
Let g(t) be the first derivative of 4*t**3/3 - 3*t**2 - 13*t + 8. Let y(a) = 5*a**2 - 5*a - 13. Let p(r) = -4*g(r) + 3*y(r). List the prime factors of p(9).
13
Suppose 6*o - 33 = -123. What are the prime factors of (o/(-6))/(1/22)?
5, 11
Let c(s) = s**2 + 3*s + 43. Suppose -3*q - 49 + 22 = 0. What are the prime factors of c(q)?
97
Let o(g) = -56*g + 5. Let d be o(-2). Suppose 0 = -5*x - i + d, 0 = 2*x - 3*i - 36 - 21. What are the prime factors of x?
2, 3
Suppose -5*r - 5*d + 3300 = 430, -2*r + d + 1142 = 0. What are the prime factors of r?
2, 11, 13
Let w(c) = -2563*c**2 + 5*c - 6. Let z be w(7). List the prime factors of z/(-603) + (11/(-9) - -1).
2, 13
Let g be (5/10)/((-2)/(-20)). Let x = 85 + -82. Suppose g*b + 8 = 5*p - 252, 5*p - 228 = -x*b. List the prime factors of p.
2, 3
Let a(x) = -x**2 + 6*x - 1. Let j be a(8). Let m(n) = 4*n + 9. Let c be m(-2). Let s = c - j. List the prime factors of s.
2, 3
Let m(z) = -z + 6. Let a be m(3). Let k be 2 + (-15)/a - -61. Suppose -2*j + k = -34. List the prime factors of j.
2, 23
Let p(b) = -b**3 + 5*b**2 + 3. Let c be p(5). Suppose -4*a + 5*a = c. Suppose 57 = a*g - 36. List the prime factors of g.
31
Let b(r) = 42*r**2 + 9*r - 15. What are the prime factors of b(2)?
3, 19
Let i(z) = -z**3 - 3*z**2 - 3*z. Let x be i(-2). Suppose 5*a - a = -v + 7, -v = -x*a - 37. List the prime facto